{"id":2,"date":"2020-11-30T18:16:12","date_gmt":"2020-11-30T17:16:12","guid":{"rendered":"https:\/\/fedace.org\/empleo\/?page_id=2"},"modified":"2024-01-15T16:04:06","modified_gmt":"2024-01-15T15:04:06","slug":"dano-cerebral-y-empleo","status":"publish","type":"page","link":"https:\/\/fedace.org\/empleo\/dano-cerebral-y-empleo\/","title":{"rendered":"DCA y Empleo"},"content":{"rendered":"\n<div class=\"wp-block-cover alignfull is-light\" style=\"min-height:320px;aspect-ratio:unset;\"><span aria-hidden=\"true\" class=\"wp-block-cover__background has-background-dim-0 has-background-dim\"><\/span><img loading=\"lazy\" decoding=\"async\" width=\"1920\" height=\"484\" class=\"wp-block-cover__image-background wp-image-2145\" alt=\"\" src=\"https:\/\/fedace.org\/empleo\/wp-content\/uploads\/2021\/06\/encabezado_01_reunion-oficina.jpg\" data-object-fit=\"cover\" srcset=\"https:\/\/fedace.org\/empleo\/wp-content\/uploads\/2021\/06\/encabezado_01_reunion-oficina.jpg 1920w, https:\/\/fedace.org\/empleo\/wp-content\/uploads\/2021\/06\/encabezado_01_reunion-oficina-350x88.jpg 350w, https:\/\/fedace.org\/empleo\/wp-content\/uploads\/2021\/06\/encabezado_01_reunion-oficina-1024x258.jpg 1024w, https:\/\/fedace.org\/empleo\/wp-content\/uploads\/2021\/06\/encabezado_01_reunion-oficina-768x194.jpg 768w, https:\/\/fedace.org\/empleo\/wp-content\/uploads\/2021\/06\/encabezado_01_reunion-oficina-1536x387.jpg 1536w\" sizes=\"auto, (max-width: 1920px) 100vw, 1920px\" \/><div class=\"wp-block-cover__inner-container is-layout-flow wp-block-cover-is-layout-flow\">\n<p class=\"has-text-align-center has-large-font-size\"><\/p>\n<\/div><\/div>\n\n\n\n<h1 class=\"wp-block-heading ticss-4144252e\">Da\u00f1o Cerebral Adquirido y Empleo<\/h1>\n\n\n<h2>El Da\u00f1o Cerebral Adquirido<\/h2>\n<p>El Da\u00f1o Cerebral Adquirido (DCA) es una lesi\u00f3n repentina en el cerebro que cada a\u00f1o transforma la vida de m\u00e1s de 100.000 personas en nuestro pa\u00eds. Se caracteriza por su aparici\u00f3n brusca y por el conjunto variado de <a href=\"https:\/\/fedace.org\/empleo\/secuelas-adaptaciones\/#secuelas-del-dao-cerebral\">secuelas<\/a> que presenta seg\u00fan el \u00e1rea del cerebro lesionada y la gravedad del da\u00f1o. Posee las siguientes particularidades:<\/p>\n<ul>\n<li><img loading=\"lazy\" decoding=\"async\" class=\"size-medium wp-image-1598 alignright\" src=\"https:\/\/fedace.org\/empleo\/wp-content\/uploads\/2021\/05\/dano_cerebral-280x350.jpg\" alt=\"\" width=\"280\" height=\"350\" srcset=\"https:\/\/fedace.org\/empleo\/wp-content\/uploads\/2021\/05\/dano_cerebral-280x350.jpg 280w, https:\/\/fedace.org\/empleo\/wp-content\/uploads\/2021\/05\/dano_cerebral.jpg 400w\" sizes=\"auto, (max-width: 280px) 100vw, 280px\" \/>Posee una diversidad de <a href=\"https:\/\/fedace.org\/empleo\/secuelas-adaptaciones\/#secuelas-del-dao-cerebral\">secuelas<\/a>, con distintos grados de severidad en plano f\u00edsico, sensorial y neuropsicol\u00f3gico.<\/li>\n<\/ul>\n<ul>\n<li>Afecta a todo el entorno familiar, en especial a cuidadoras principales, por su irrupci\u00f3n s\u00fabita y la dependencia a largo plazo que puede generar.<\/li>\n<\/ul>\n<ul>\n<li>Existe una escasez de servicios de rehabilitaci\u00f3n especializada y apoyos sociales adecuados, o la desigualdad en el acceso a los mismos.<\/li>\n<\/ul>\n<ul>\n<li>Es de necesidad una cooperaci\u00f3n entre Administraciones, profesionales y movimiento asociativo.<\/li>\n<\/ul>\n<ul>\n<li>Se le une la problem\u00e1tica del desconocimiento de las <a href=\"https:\/\/fedace.org\/empleo\/secuelas-adaptaciones\/#secuelas-del-dao-cerebral\">secuelas<\/a> del Da\u00f1o Cerebral Adquirido y su car\u00e1cter emergente y novedoso.<\/li>\n<\/ul>\n<p>Cuando una persona sufre un <strong>Da\u00f1o Cerebral Adquirido<\/strong>, su vida cambia repentinamente en todas las dimensiones de la persona: a nivel personal, familiar, social, por todo esto, adaptarse a esta nueva etapa no es una tarea sencilla, ya que has de aceptar que tu proyecto de vida cambia y que conseguir nuevos objetivos requiere de mayor esfuerzo personal y del entorno para minimizar las variables que pueden llevar a una situaci\u00f3n de riesgo de exclusi\u00f3n social.<\/p>\n<h2>Empleo y Da\u00f1o Cerebral Adquirido<\/h2>\n<p>Es esencial remarcar el trabajo como un derecho para todas las personas como marca el <a href=\"https:\/\/www.un.org\/esa\/socdev\/enable\/documents\/tccconvs.pdf\" target=\"_blank\" rel=\"noopener\">art 27 de la Convenci\u00f3n de los Derechos de las personas con Discapacidad<\/a> que indica el derecho de las personas con discapacidad a trabajar en igualdad de condiciones incluso para las personas que adquieran una discapacidad durante el empleo.<\/p>\n<p>De acuerdo con el <a href=\"https:\/\/fedace.org\/index.php?V_dir=MSC&amp;V_mod=download&amp;f=2019-6\/4-8-50-22.admin.30-13-34-3.admin.estudio_dano_cerebral_y_empleo_0.pdf\" target=\"_blank\" rel=\"noopener\">estudio sobre da\u00f1o cerebral e inserci\u00f3n laboral (Fundaci\u00f3n ONCE, et al. 2016)<\/a>, \u201c6 de cada 10 personas con Da\u00f1o Cerebral Adquirdo en edad laboral se encuentran en situaci\u00f3n de inactividad. Esta circunstancia est\u00e1 estrechamente ligada a la edad. As\u00ed, el 62% de los j\u00f3venes con Da\u00f1o Cerebral Adquirido se encuentran en situaci\u00f3n activa y s\u00f3lo el 14,6% de los mayores de 50 a\u00f1os\u201d.<\/p>\n<p>Se observa una reducci\u00f3n sustancial de la tasa de actividad despu\u00e9s de la lesi\u00f3n que pasa del 71,73% al 36,59%. Esta diferencia se pueda atribuir a distintos motivos:<\/p>\n<p><img loading=\"lazy\" decoding=\"async\" class=\"alignright wp-image-2158\" src=\"https:\/\/fedace.org\/empleo\/wp-content\/uploads\/2021\/06\/empleo-dano-cerebral.jpg\" alt=\"\" width=\"275\" height=\"380\" srcset=\"https:\/\/fedace.org\/empleo\/wp-content\/uploads\/2021\/06\/empleo-dano-cerebral.jpg 470w, https:\/\/fedace.org\/empleo\/wp-content\/uploads\/2021\/06\/empleo-dano-cerebral-253x350.jpg 253w\" sizes=\"auto, (max-width: 275px) 100vw, 275px\" \/><\/p>\n<ul>\n<li>La p\u00e9rdida y modificaci\u00f3n de funcionamientos psico-corporales. El 72,54% de este colectivo reconoce haber encontrado dificultades extraordinarias para encontrar empleo debido al Da\u00f1o Cerebral Adquirido.<\/li>\n<\/ul>\n<ul>\n<li>La falta de apoyo para la inserci\u00f3n o de adaptaci\u00f3n al puesto de trabajo. El 61,70% de los que buscan trabajo carecen de la ayuda especializada para encontrar qu\u00e9 necesitan.<\/li>\n<\/ul>\n<ul>\n<li>El sistema de pensiones contributivas y no contributivas y su r\u00e9gimen de compatibilidad\/incompatibilidad con el empleo.<\/li>\n<\/ul>\n<ul>\n<li>La falta de oportunidades del mercado de trabajo por sus caracter\u00edsticas de precariedad laboral en la actualidad, en especial ante determinados perfiles como las personas mayores de 45 a\u00f1os, tambi\u00e9n puede desalentar la actividad.<\/li>\n<\/ul>\n<p>Dado que el empleo, es un factor favorable para la inclusi\u00f3n social, es importante realizar un buen diagn\u00f3stico de empleabilidad y ajuste de la persona al puesto y del puesto a la persona, a trav\u00e9s de:<\/p>\n<ul>\n<li>Valoraciones transdisciplinares, por parte de profesionales especializados en Da\u00f1o Cerebral Adquirido (trabajo social, neuropsicolog\u00eda, logopedia, fisioterapia y terapia ocupacional) desde un enfoque biopsicosocial.<\/li>\n<\/ul>\n<ul>\n<li>Elaboraci\u00f3n de informes donde se reflejen las capacidades preservadas y secuelas, funcionalidad, apoyos y pautas necesarias, situaci\u00f3n social, estudios o experiencias laborales previas, as\u00ed como las expectativas de las personas que desean encontrar un empleo.<\/li>\n<\/ul>\n<ul>\n<li>Dise\u00f1o de itinerarios personalizados de inserci\u00f3n socio-laboral, donde se establezcan objetivos individualizados y acciones para favorecer la adquisici\u00f3n de competencias.<\/li>\n<\/ul>\n<ul>\n<li>Sensibilizaci\u00f3n, concienciaci\u00f3n y formaci\u00f3n tanto del tejido empresarial como del entorno laboral.<\/li>\n<\/ul>\n\n\n<p><\/p>\n","protected":false},"excerpt":{"rendered":"<p>Da\u00f1o Cerebral Adquirido y Empleo El Da\u00f1o Cerebral Adquirido El Da\u00f1o Cerebral Adquirido (DCA) es una lesi\u00f3n repentina en el cerebro que cada a\u00f1o transforma la vida de m\u00e1s de 100.000 personas en nuestro pa\u00eds. Se caracteriza por su aparici\u00f3n brusca y por el conjunto variado de secuelas que presenta seg\u00fan el \u00e1rea del cerebro&hellip;&nbsp;<\/p>\n<div class=\"read-more-wrapper\"><a href=\"https:\/\/fedace.org\/empleo\/dano-cerebral-y-empleo\/\" class=\"button button-primary\" rel=\"bookmark\">Read More &raquo;<span class=\"screen-reader-text\">DCA y Empleo<\/span><\/a><\/div>\n","protected":false},"author":1,"featured_media":2158,"parent":0,"menu_order":0,"comment_status":"closed","ping_status":"closed","template":"","meta":{"_uag_custom_page_level_css":"","neve_meta_sidebar":"full-width","neve_meta_container":"","neve_meta_enable_content_width":"off","neve_meta_content_width":0,"neve_meta_title_alignment":"","neve_meta_author_avatar":"","neve_post_elements_order":"","neve_meta_disable_header":"","neve_meta_disable_footer":"","neve_meta_disable_title":"on","neve_meta_reading_time":"","_themeisle_gutenberg_block_has_review":false,"_ti_tpc_template_sync":false,"_ti_tpc_template_id":"","footnotes":""},"class_list":["post-2","page","type-page","status-publish","has-post-thumbnail","hentry"],"uagb_featured_image_src":{"full":["https:\/\/fedace.org\/empleo\/wp-content\/uploads\/2021\/06\/empleo-dano-cerebral.jpg",470,650,false],"thumbnail":["https:\/\/fedace.org\/empleo\/wp-content\/uploads\/2021\/06\/empleo-dano-cerebral-150x150.jpg",150,150,true],"medium":["https:\/\/fedace.org\/empleo\/wp-content\/uploads\/2021\/06\/empleo-dano-cerebral-253x350.jpg",253,350,true],"medium_large":["https:\/\/fedace.org\/empleo\/wp-content\/uploads\/2021\/06\/empleo-dano-cerebral.jpg",470,650,false],"large":["https:\/\/fedace.org\/empleo\/wp-content\/uploads\/2021\/06\/empleo-dano-cerebral.jpg",470,650,false],"1536x1536":["https:\/\/fedace.org\/empleo\/wp-content\/uploads\/2021\/06\/empleo-dano-cerebral.jpg",470,650,false],"2048x2048":["https:\/\/fedace.org\/empleo\/wp-content\/uploads\/2021\/06\/empleo-dano-cerebral.jpg",470,650,false],"neve-blog":["https:\/\/fedace.org\/empleo\/wp-content\/uploads\/2021\/06\/empleo-dano-cerebral-470x620.jpg",470,620,true]},"uagb_author_info":{"display_name":"admin","author_link":"https:\/\/fedace.org\/empleo\/author\/admin-fe\/"},"uagb_comment_info":0,"uagb_excerpt":"Da\u00f1o Cerebral Adquirido y Empleo El Da\u00f1o Cerebral Adquirido El Da\u00f1o Cerebral Adquirido (DCA) es una lesi\u00f3n repentina en el cerebro que cada a\u00f1o transforma la vida de m\u00e1s de 100.000 personas en nuestro pa\u00eds. Se caracteriza por su aparici\u00f3n brusca y por el conjunto variado de secuelas que presenta seg\u00fan el \u00e1rea del cerebro&hellip;&nbsp;Read&hellip;","_links":{"self":[{"href":"https:\/\/fedace.org\/empleo\/wp-json\/wp\/v2\/pages\/2","targetHints":{"allow":["GET"]}}],"collection":[{"href":"https:\/\/fedace.org\/empleo\/wp-json\/wp\/v2\/pages"}],"about":[{"href":"https:\/\/fedace.org\/empleo\/wp-json\/wp\/v2\/types\/page"}],"author":[{"embeddable":true,"href":"https:\/\/fedace.org\/empleo\/wp-json\/wp\/v2\/users\/1"}],"replies":[{"embeddable":true,"href":"https:\/\/fedace.org\/empleo\/wp-json\/wp\/v2\/comments?post=2"}],"version-history":[{"count":2,"href":"https:\/\/fedace.org\/empleo\/wp-json\/wp\/v2\/pages\/2\/revisions"}],"predecessor-version":[{"id":2937,"href":"https:\/\/fedace.org\/empleo\/wp-json\/wp\/v2\/pages\/2\/revisions\/2937"}],"wp:featuredmedia":[{"embeddable":true,"href":"https:\/\/fedace.org\/empleo\/wp-json\/wp\/v2\/media\/2158"}],"wp:attachment":[{"href":"https:\/\/fedace.org\/empleo\/wp-json\/wp\/v2\/media?parent=2"}],"curies":[{"name":"wp","href":"https:\/\/api.w.org\/{rel}","templated":true}]}}

<div class="wp-block-cover alignfull is-light" style="min-height:320px;aspect-ratio:unset;"><span aria-hidden="true" class="wp-block-cover__background has-background-dim-0 has-background-dim"></span><img loading="lazy" decoding="async" width="1920" height="484" class="wp-block-cover__image-background wp-image-2145" alt="" src="https://fedace.org/empleo/wp-content/uploads/2021/06/encabezado_01_reunion-oficina.jpg" data-object-fit="cover" srcset="https://fedace.org/empleo/wp-content/uploads/2021/06/encabezado_01_reunion-oficina.jpg 1920w, https://fedace.org/empleo/wp-content/uploads/2021/06/encabezado_01_reunion-oficina-350x88.jpg 350w, https://fedace.org/empleo/wp-content/uploads/2021/06/encabezado_01_reunion-oficina-1024x258.jpg 1024w, https://fedace.org/empleo/wp-content/uploads/2021/06/encabezado_01_reunion-oficina-768x194.jpg 768w, https://fedace.org/empleo/wp-content/uploads/2021/06/encabezado_01_reunion-oficina-1536x387.jpg 1536w" sizes="auto, (max-width: 1920px) 100vw, 1920px" /><div class="wp-block-cover__inner-container is-layout-flow wp-block-cover-is-layout-flow">
<p class="has-text-align-center has-large-font-size"></p>
</div></div>



<h1 class="wp-block-heading ticss-4144252e">Daño Cerebral Adquirido y Empleo</h1>


<h2>El Daño Cerebral Adquirido</h2>
<p>El Daño Cerebral Adquirido (DCA) es una lesión repentina en el cerebro que cada año transforma la vida de más de 100.000 personas en nuestro país. Se caracteriza por su aparición brusca y por el conjunto variado de <a href="https://fedace.org/empleo/secuelas-adaptaciones/#secuelas-del-dao-cerebral">secuelas</a> que presenta según el área del cerebro lesionada y la gravedad del daño. Posee las siguientes particularidades:</p>
<ul>
<li><img loading="lazy" decoding="async" class="size-medium wp-image-1598 alignright" src="https://fedace.org/empleo/wp-content/uploads/2021/05/dano_cerebral-280x350.jpg" alt="" width="280" height="350" srcset="https://fedace.org/empleo/wp-content/uploads/2021/05/dano_cerebral-280x350.jpg 280w, https://fedace.org/empleo/wp-content/uploads/2021/05/dano_cerebral.jpg 400w" sizes="auto, (max-width: 280px) 100vw, 280px" />Posee una diversidad de <a href="https://fedace.org/empleo/secuelas-adaptaciones/#secuelas-del-dao-cerebral">secuelas</a>, con distintos grados de severidad en plano físico, sensorial y neuropsicológico.</li>
</ul>
<ul>
<li>Afecta a todo el entorno familiar, en especial a cuidadoras principales, por su irrupción súbita y la dependencia a largo plazo que puede generar.</li>
</ul>
<ul>
<li>Existe una escasez de servicios de rehabilitación especializada y apoyos sociales adecuados, o la desigualdad en el acceso a los mismos.</li>
</ul>
<ul>
<li>Es de necesidad una cooperación entre Administraciones, profesionales y movimiento asociativo.</li>
</ul>
<ul>
<li>Se le une la problemática del desconocimiento de las <a href="https://fedace.org/empleo/secuelas-adaptaciones/#secuelas-del-dao-cerebral">secuelas</a> del Daño Cerebral Adquirido y su carácter emergente y novedoso.</li>
</ul>
<p>Cuando una persona sufre un <strong>Daño Cerebral Adquirido</strong>, su vida cambia repentinamente en todas las dimensiones de la persona: a nivel personal, familiar, social, por todo esto, adaptarse a esta nueva etapa no es una tarea sencilla, ya que has de aceptar que tu proyecto de vida cambia y que conseguir nuevos objetivos requiere de mayor esfuerzo personal y del entorno para minimizar las variables que pueden llevar a una situación de riesgo de exclusión social.</p>
<h2>Empleo y Daño Cerebral Adquirido</h2>
<p>Es esencial remarcar el trabajo como un derecho para todas las personas como marca el <a href="https://www.un.org/esa/socdev/enable/documents/tccconvs.pdf" target="_blank" rel="noopener">art 27 de la Convención de los Derechos de las personas con Discapacidad</a> que indica el derecho de las personas con discapacidad a trabajar en igualdad de condiciones incluso para las personas que adquieran una discapacidad durante el empleo.</p>
<p>De acuerdo con el <a href="https://fedace.org/index.php?V_dir=MSC&amp;V_mod=download&amp;f=2019-6/4-8-50-22.admin.30-13-34-3.admin.estudio_dano_cerebral_y_empleo_0.pdf" target="_blank" rel="noopener">estudio sobre daño cerebral e inserción laboral (Fundación ONCE, et al. 2016)</a>, “6 de cada 10 personas con Daño Cerebral Adquirdo en edad laboral se encuentran en situación de inactividad. Esta circunstancia está estrechamente ligada a la edad. Así, el 62% de los jóvenes con Daño Cerebral Adquirido se encuentran en situación activa y sólo el 14,6% de los mayores de 50 años”.</p>
<p>Se observa una reducción sustancial de la tasa de actividad después de la lesión que pasa del 71,73% al 36,59%. Esta diferencia se pueda atribuir a distintos motivos:</p>
<p><img loading="lazy" decoding="async" class="alignright wp-image-2158" src="https://fedace.org/empleo/wp-content/uploads/2021/06/empleo-dano-cerebral.jpg" alt="" width="275" height="380" srcset="https://fedace.org/empleo/wp-content/uploads/2021/06/empleo-dano-cerebral.jpg 470w, https://fedace.org/empleo/wp-content/uploads/2021/06/empleo-dano-cerebral-253x350.jpg 253w" sizes="auto, (max-width: 275px) 100vw, 275px" /></p>
<ul>
<li>La pérdida y modificación de funcionamientos psico-corporales. El 72,54% de este colectivo reconoce haber encontrado dificultades extraordinarias para encontrar empleo debido al Daño Cerebral Adquirido.</li>
</ul>
<ul>
<li>La falta de apoyo para la inserción o de adaptación al puesto de trabajo. El 61,70% de los que buscan trabajo carecen de la ayuda especializada para encontrar qué necesitan.</li>
</ul>
<ul>
<li>El sistema de pensiones contributivas y no contributivas y su régimen de compatibilidad/incompatibilidad con el empleo.</li>
</ul>
<ul>
<li>La falta de oportunidades del mercado de trabajo por sus características de precariedad laboral en la actualidad, en especial ante determinados perfiles como las personas mayores de 45 años, también puede desalentar la actividad.</li>
</ul>
<p>Dado que el empleo, es un factor favorable para la inclusión social, es importante realizar un buen diagnóstico de empleabilidad y ajuste de la persona al puesto y del puesto a la persona, a través de:</p>
<ul>
<li>Valoraciones transdisciplinares, por parte de profesionales especializados en Daño Cerebral Adquirido (trabajo social, neuropsicología, logopedia, fisioterapia y terapia ocupacional) desde un enfoque biopsicosocial.</li>
</ul>
<ul>
<li>Elaboración de informes donde se reflejen las capacidades preservadas y secuelas, funcionalidad, apoyos y pautas necesarias, situación social, estudios o experiencias laborales previas, así como las expectativas de las personas que desean encontrar un empleo.</li>
</ul>
<ul>
<li>Diseño de itinerarios personalizados de inserción socio-laboral, donde se establezcan objetivos individualizados y acciones para favorecer la adquisición de competencias.</li>
</ul>
<ul>
<li>Sensibilización, concienciación y formación tanto del tejido empresarial como del entorno laboral.</li>
</ul>


<p></p>

<p>Daño Cerebral Adquirido y Empleo El Daño Cerebral Adquirido El Daño Cerebral Adquirido (DCA) es una lesión repentina en el cerebro que cada año transforma la vida de más de 100.000 personas en nuestro país. Se caracteriza por su aparición brusca y por el conjunto variado de secuelas que presenta según el área del cerebro&hellip;&nbsp;</p>
<div class="read-more-wrapper"><a href="https://fedace.org/empleo/dano-cerebral-y-empleo/" class="button button-primary" rel="bookmark">Read More &raquo;<span class="screen-reader-text">DCA y Empleo</span></a></div>

Daño Cerebral Adquirido y Empleo El Daño Cerebral Adquirido El Daño Cerebral Adquirido (DCA) es una lesión repentina en el cerebro que cada año transforma la vida de más de 100.000 personas en nuestro país. Se caracteriza por su aparición brusca y por el conjunto variado de secuelas que presenta según el área del cerebro&hellip;&nbsp;Read&hellip;
