{"id":3090,"date":"2024-06-13T11:34:10","date_gmt":"2024-06-13T09:34:10","guid":{"rendered":"https:\/\/fedace.org\/empleo\/?post_type=ofertas-de-empleo&#038;p=3090"},"modified":"2024-06-13T11:34:10","modified_gmt":"2024-06-13T09:34:10","slug":"mozo-a-de-almacen-guadalajara-discapacidad","status":"publish","type":"ofertas-de-empleo","link":"https:\/\/fedace.org\/empleo\/ofertas-de-empleo\/mozo-a-de-almacen-guadalajara-discapacidad\/","title":{"rendered":"Mozo\/a de almac\u00e9n Guadalajara (Discapacidad)"},"content":{"rendered":"<p><img loading=\"lazy\" decoding=\"async\" class=\"\" src=\"https:\/\/www.execyl.es\/wp\/wp-content\/uploads\/2022\/06\/GrupoSIFU-1.jpg\" alt=\"Crecemos! Grupo Sifu, nuevo socio protector de EXECyL - EXECyL\" width=\"203\" height=\"72\" \/><\/p>\n<p>Resumen<br \/>\nSomos Grupo SIFU, Centro Especial de Empleo l\u00edder en la prestaci\u00f3n de Facility Services socialmente responsables. Con 25 a\u00f1os de experiencia y m\u00e1s de 4.500 profesionales, el 87% con alg\u00fan tipo de discapacidad, damos servicio a m\u00e1s de 1.600 clientes y estamos presentes en Espa\u00f1a y Francia.<\/p>\n<p>\u00bfTe gustar\u00eda trabajar con nosotros como Mozo\/a de almac\u00e9n en una empresa de log\u00edstica?<br \/>\nBuscamos personal interesado en realizar funciones de manipulados para uno de nuestros clientes m\u00e1s importantes situado en el Pol\u00edgono Industrial Henares de Guadalajara. Si tienes experiencia en puesto, y has trabajado en manipulados, seguro que encajas en nuestro equipo de trabajo de Sifu Madrid.<\/p>\n<p>Tus funciones ser\u00e1n:<\/p>\n<ul>\n<li>Carga y descarga.<\/li>\n<li>Manipulaci\u00f3n y desmontaje de pallets de madera<\/li>\n<li>Apilado manual de pallets<\/li>\n<li>Montaje de cajas de cart\u00f3n<\/li>\n<\/ul>\n<p>Tu horario de trabajo ser\u00e1:<\/p>\n<ul>\n<li>De Lunes a Viernes<\/li>\n<li>Horario de 7:30 a 15:30h de lunes a jueves y los viernes, de 7:30 a 13:30h<\/li>\n<li>38h\/semanales.<\/li>\n<\/ul>\n<p>\u00bfQu\u00e9 te ofrecemos?<\/p>\n<ul>\n<li>Incorporaci\u00f3n inmediata<\/li>\n<li>Contrato eventual del 1 de julio hasta el 31 de agosto.<\/li>\n<\/ul>\n<p>Requisitos \u00bfQu\u00e9 necesitas para incorporarte con nosotros?<\/p>\n<ul>\n<li>Experiencia en puesto similar, as\u00ed como en cadenas de montaje o manipulados en el sector industrial<\/li>\n<li>Estar en situaci\u00f3n de desempleo<\/li>\n<li>Tener en vigor el certificado de discapacidad o incapacidad (IPT)<\/li>\n<li>Poder realizar esfuerzos f\u00edsicos\/cargar peso<\/li>\n<li>Experiencia realizando paletizado<\/li>\n<li>Autonom\u00eda.<\/li>\n<\/ul>\n<p><strong>INSCR\u00cdBETE AQU\u00cd:<\/strong><\/p>\n<p><a href=\"https:\/\/sifu.talentclue.com\/node\/108171261\/106243237\"><strong>https:\/\/sifu.talentclue.com\/node\/108171261\/106243237<\/strong><\/a><\/p>\n","protected":false},"excerpt":{"rendered":"<p>Resumen Somos Grupo SIFU, Centro Especial de Empleo l\u00edder en la prestaci\u00f3n de Facility Services socialmente responsables. Con 25 a\u00f1os de experiencia y m\u00e1s de 4.500 profesionales, el 87% con alg\u00fan tipo de discapacidad, damos servicio a m\u00e1s de 1.600 clientes y estamos presentes en Espa\u00f1a y Francia. \u00bfTe gustar\u00eda trabajar con nosotros como Mozo\/a&hellip;&nbsp;<\/p>\n<div class=\"read-more-wrapper\"><a href=\"https:\/\/fedace.org\/empleo\/ofertas-de-empleo\/mozo-a-de-almacen-guadalajara-discapacidad\/\" class=\"button button-primary\" rel=\"bookmark\">Read More &raquo;<span class=\"screen-reader-text\">Mozo\/a de almac\u00e9n Guadalajara (Discapacidad)<\/span><\/a><\/div>\n","protected":false},"author":2,"featured_media":0,"menu_order":0,"comment_status":"closed","ping_status":"closed","template":"","format":"standard","class_list":["post-3090","ofertas-de-empleo","type-ofertas-de-empleo","status-publish","format-standard","hentry"],"uagb_featured_image_src":{"full":false,"thumbnail":false,"medium":false,"medium_large":false,"large":false,"1536x1536":false,"2048x2048":false,"neve-blog":false},"uagb_author_info":{"display_name":"Miguel P\u00e9rez Viqueira","author_link":"https:\/\/fedace.org\/empleo\/author\/departamentodeproyectos\/"},"uagb_comment_info":0,"uagb_excerpt":"Resumen Somos Grupo SIFU, Centro Especial de Empleo l\u00edder en la prestaci\u00f3n de Facility Services socialmente responsables. Con 25 a\u00f1os de experiencia y m\u00e1s de 4.500 profesionales, el 87% con alg\u00fan tipo de discapacidad, damos servicio a m\u00e1s de 1.600 clientes y estamos presentes en Espa\u00f1a y Francia. \u00bfTe gustar\u00eda trabajar con nosotros como Mozo\/a&hellip;&nbsp;Read&hellip;","_links":{"self":[{"href":"https:\/\/fedace.org\/empleo\/wp-json\/wp\/v2\/ofertas-de-empleo\/3090","targetHints":{"allow":["GET"]}}],"collection":[{"href":"https:\/\/fedace.org\/empleo\/wp-json\/wp\/v2\/ofertas-de-empleo"}],"about":[{"href":"https:\/\/fedace.org\/empleo\/wp-json\/wp\/v2\/types\/ofertas-de-empleo"}],"author":[{"embeddable":true,"href":"https:\/\/fedace.org\/empleo\/wp-json\/wp\/v2\/users\/2"}],"replies":[{"embeddable":true,"href":"https:\/\/fedace.org\/empleo\/wp-json\/wp\/v2\/comments?post=3090"}],"version-history":[{"count":1,"href":"https:\/\/fedace.org\/empleo\/wp-json\/wp\/v2\/ofertas-de-empleo\/3090\/revisions"}],"predecessor-version":[{"id":3091,"href":"https:\/\/fedace.org\/empleo\/wp-json\/wp\/v2\/ofertas-de-empleo\/3090\/revisions\/3091"}],"wp:attachment":[{"href":"https:\/\/fedace.org\/empleo\/wp-json\/wp\/v2\/media?parent=3090"}],"curies":[{"name":"wp","href":"https:\/\/api.w.org\/{rel}","templated":true}]}}

Mozo/a de almacén Guadalajara (Discapacidad)

<p><img loading="lazy" decoding="async" class="" src="https://www.execyl.es/wp/wp-content/uploads/2022/06/GrupoSIFU-1.jpg" alt="Crecemos! Grupo Sifu, nuevo socio protector de EXECyL - EXECyL" width="203" height="72" /></p>
<p>Resumen<br />
Somos Grupo SIFU, Centro Especial de Empleo líder en la prestación de Facility Services socialmente responsables. Con 25 años de experiencia y más de 4.500 profesionales, el 87% con algún tipo de discapacidad, damos servicio a más de 1.600 clientes y estamos presentes en España y Francia.</p>
<p>¿Te gustaría trabajar con nosotros como Mozo/a de almacén en una empresa de logística?<br />
Buscamos personal interesado en realizar funciones de manipulados para uno de nuestros clientes más importantes situado en el Polígono Industrial Henares de Guadalajara. Si tienes experiencia en puesto, y has trabajado en manipulados, seguro que encajas en nuestro equipo de trabajo de Sifu Madrid.</p>
<p>Tus funciones serán:</p>
<ul>
<li>Carga y descarga.</li>
<li>Manipulación y desmontaje de pallets de madera</li>
<li>Apilado manual de pallets</li>
<li>Montaje de cajas de cartón</li>
</ul>
<p>Tu horario de trabajo será:</p>
<ul>
<li>De Lunes a Viernes</li>
<li>Horario de 7:30 a 15:30h de lunes a jueves y los viernes, de 7:30 a 13:30h</li>
<li>38h/semanales.</li>
</ul>
<p>¿Qué te ofrecemos?</p>
<ul>
<li>Incorporación inmediata</li>
<li>Contrato eventual del 1 de julio hasta el 31 de agosto.</li>
</ul>
<p>Requisitos ¿Qué necesitas para incorporarte con nosotros?</p>
<ul>
<li>Experiencia en puesto similar, así como en cadenas de montaje o manipulados en el sector industrial</li>
<li>Estar en situación de desempleo</li>
<li>Tener en vigor el certificado de discapacidad o incapacidad (IPT)</li>
<li>Poder realizar esfuerzos físicos/cargar peso</li>
<li>Experiencia realizando paletizado</li>
<li>Autonomía.</li>
</ul>
<p><strong>INSCRÍBETE AQUÍ:</strong></p>
<p><a href="https://sifu.talentclue.com/node/108171261/106243237"><strong>https://sifu.talentclue.com/node/108171261/106243237</strong></a></p>

<p>Resumen Somos Grupo SIFU, Centro Especial de Empleo líder en la prestación de Facility Services socialmente responsables. Con 25 años de experiencia y más de 4.500 profesionales, el 87% con algún tipo de discapacidad, damos servicio a más de 1.600 clientes y estamos presentes en España y Francia. ¿Te gustaría trabajar con nosotros como Mozo/a&hellip;&nbsp;</p>
<div class="read-more-wrapper"><a href="https://fedace.org/empleo/ofertas-de-empleo/mozo-a-de-almacen-guadalajara-discapacidad/" class="button button-primary" rel="bookmark">Read More &raquo;<span class="screen-reader-text">Mozo/a de almacén Guadalajara (Discapacidad)</span></a></div>

Miguel Pérez Viqueira

Resumen Somos Grupo SIFU, Centro Especial de Empleo líder en la prestación de Facility Services socialmente responsables. Con 25 años de experiencia y más de 4.500 profesionales, el 87% con algún tipo de discapacidad, damos servicio a más de 1.600 clientes y estamos presentes en España y Francia. ¿Te gustaría trabajar con nosotros como Mozo/a&hellip;&nbsp;Read&hellip;
